{"id":931,"date":"2020-11-25T13:29:09","date_gmt":"2020-11-25T12:29:09","guid":{"rendered":"http:\/\/ceiptorrevieja.es\/?page_id=931"},"modified":"2022-02-08T13:56:30","modified_gmt":"2022-02-08T12:56:30","slug":"alimentos-de-otono","status":"publish","type":"page","link":"https:\/\/ceiptorrevieja.es\/?page_id=931","title":{"rendered":"ALIMENTOS DE OTO\u00d1O"},"content":{"rendered":"\n<p class=\"has-text-align-center has-very-dark-gray-color has-text-color\"><strong>Dentro del programa Creciendo en Salud y el Plan de Biblioteca, durante el mes de Noviembre se trabajar\u00e1n Composiciones Escritas<\/strong> <strong>sobre diferentes alimentos de oto\u00f1o<\/strong>&#8230;<\/p>\n\n\n\n<p class=\"has-text-align-center has-vivid-red-color has-vivid-green-cyan-background-color has-text-color has-background has-medium-font-size\"><strong>Noviembre<em><u>: <\/u><\/em><\/strong><em><u><strong>FIESTA DEL OTO\u00d1O<\/strong><\/u><\/em><\/p>\n\n\n\n<p><strong><u>Del 18 al 29 noviembre:<\/u><\/strong>&nbsp; Poes\u00edas de oto\u00f1o, Investigaci\u00f3n, recetas,&#8230;<\/p>\n\n\n\n<p>Murales sobre frutos de la estaci\u00f3n, recetas, etc. <strong>Participaci\u00f3n de las familias<\/strong> <strong>en el comedor, recetas y alimentos de oto\u00f1o<\/strong><\/p>\n\n\n\n<p><strong><em>Cada nivel realizar\u00e1 un Mural<\/em><\/strong> sobre las propiedades del alimento asignado.<\/p>\n\n\n\n<figure class=\"wp-block-table\"><table><tbody><tr><td>INFANTIL<\/td><td>&nbsp;ALIMENTOS DE OTO\u00d1O (libre)<\/td><\/tr><tr><td>1\u00ba CURSO<\/td><td>&nbsp;NARANJA<\/td><\/tr><tr><td>2\u00ba CURSO<\/td><td>&nbsp;NUEZ<\/td><\/tr><tr><td>3\u00ba CURSO<\/td><td>CASTA\u00d1A<\/td><\/tr><tr><td>4\u00ba CURSO<\/td><td>MANZANA<\/td><\/tr><tr><td>5\u00ba CURSO<\/td><td>ZANAHORIA<\/td><\/tr><tr><td>6\u00ba CURSO<\/td><td>MEMBRILLO<\/td><\/tr><\/tbody><\/table><\/figure>\n\n\n\n<p>Con estos alimentos se realizar\u00e1n recetas, dictados, lecturas compartidas&#8230;<\/p>\n\n\n\n<p class=\"has-text-align-center has-very-dark-gray-color has-pale-cyan-blue-background-color has-text-color has-background\"><strong>Cada curso tendr\u00e1 asignado un horario para trabajar en el comedor.<\/strong><\/p>\n\n\n\n<figure class=\"wp-block-table\"><table><tbody><tr><td><strong>16\/11\/21<\/strong> <br>&nbsp; 9:15 &#8211; 6\u00baA &nbsp; &nbsp; &nbsp;<\/td><td><strong>17\/11\/21<\/strong> <strong>&nbsp;<\/strong> <br>9:15 &#8211; 5\u00baB &nbsp;<\/td><td><strong>18\/11\/21<\/strong> &nbsp; <br>9:15 &#8211; Infantil 5\u00baA\u00f1os &nbsp;<\/td><td><strong>19\/11\/21<\/strong> &nbsp; <br>9:15 &#8211; Infantil 4\u00baA\u00f1os &nbsp;<\/td><td><strong>22\/11\/21<\/strong> &nbsp; <br>9:15 -Infantil 3\u00baA\u00f1os &nbsp;<\/td><td><strong>23\/11\/21<\/strong><br> &nbsp; 9:15 &#8211; 2\u00bacurso<\/td><\/tr><tr><td><strong>24\/11\/21<\/strong> &nbsp; <br>9:15 &#8211; 6\u00baB &nbsp;<\/td><td><strong>25\/11\/21<\/strong> <br>&nbsp; 9:15 &#8211; 1\u00ba curso&nbsp; &nbsp;<\/td><td><strong>26\/11\/21<\/strong> &nbsp; <br>9:15 &#8211; 3\u00ba curso &nbsp;<\/td><td><strong>29\/11\/21<\/strong> &nbsp;<br> 9.15 &#8211; 4\u00bacurso<\/td><td><strong>30\/11\/21<\/strong> <br>&nbsp; 9:15 &#8211; 5\u00ba A<\/td><\/tr><\/tbody><\/table><\/figure>\n\n\n\n<p><\/p>\n\n\n\n<p class=\"has-text-align-center has-very-dark-gray-color has-very-light-gray-background-color has-text-color has-background\"><strong>Trabajos realizados <\/strong><\/p>\n\n\n\n<h5 class=\"has-text-align-center has-cyan-bluish-gray-background-color has-background\"><strong>1\u00ba curso<\/strong><\/h5>\n\n\n\n<p><\/p>\n\n\n\n<div class=\"wp-block-image\"><figure class=\"aligncenter size-large is-resized\"><img loading=\"lazy\" src=\"https:\/\/ceiptorrevieja.es\/wp-content\/uploads\/2021\/11\/image-26-768x1024.png\" alt=\"\" class=\"wp-image-3121\" width=\"258\" height=\"343\" srcset=\"https:\/\/ceiptorrevieja.es\/wp-content\/uploads\/2021\/11\/image-26-768x1024.png 768w, https:\/\/ceiptorrevieja.es\/wp-content\/uploads\/2021\/11\/image-26-225x300.png 225w, https:\/\/ceiptorrevieja.es\/wp-content\/uploads\/2021\/11\/image-26-1152x1536.png 1152w, https:\/\/ceiptorrevieja.es\/wp-content\/uploads\/2021\/11\/image-26.png 1200w\" sizes=\"(max-width: 258px) 100vw, 258px\" \/><figcaption><img src=\"https:\/\/ceiptorrevieja.es\/wp-content\/uploads\/2021\/11\/image-28-768x1024.png\" alt=\"La imagen tiene un atributo ALT vac\u00edo; su nombre de archivo es image-28-768x1024.png\"><\/figcaption><\/figure><\/div>\n\n\n\n<p><\/p>\n\n\n\n<p class=\"has-text-align-center\"> <img loading=\"lazy\" width=\"2560\" height=\"1920\" class=\"wp-image-939\" style=\"width: 400px;\" src=\"https:\/\/ceiptorrevieja.es\/wp-content\/uploads\/2020\/11\/IMG_20201125_102751-scaled.jpg\" alt=\"\" srcset=\"https:\/\/ceiptorrevieja.es\/wp-content\/uploads\/2020\/11\/IMG_20201125_102751-scaled.jpg 2560w, https:\/\/ceiptorrevieja.es\/wp-content\/uploads\/2020\/11\/IMG_20201125_102751-300x225.jpg 300w, https:\/\/ceiptorrevieja.es\/wp-content\/uploads\/2020\/11\/IMG_20201125_102751-1024x768.jpg 1024w, https:\/\/ceiptorrevieja.es\/wp-content\/uploads\/2020\/11\/IMG_20201125_102751-768x576.jpg 768w, https:\/\/ceiptorrevieja.es\/wp-content\/uploads\/2020\/11\/IMG_20201125_102751-1536x1152.jpg 1536w, https:\/\/ceiptorrevieja.es\/wp-content\/uploads\/2020\/11\/IMG_20201125_102751-2048x1536.jpg 2048w\" sizes=\"(max-width: 2560px) 100vw, 2560px\" \/>+<\/p>\n\n\n\n<p class=\"has-text-align-center has-vivid-cyan-blue-background-color has-background\"> <strong>2\u00ba curso<\/strong> <\/p>\n\n\n\n<div class=\"wp-block-image\"><figure class=\"aligncenter size-large is-resized\"><img loading=\"lazy\" src=\"https:\/\/ceiptorrevieja.es\/wp-content\/uploads\/2021\/11\/image-29-768x1024.png\" alt=\"\" class=\"wp-image-3126\" width=\"259\" height=\"346\" srcset=\"https:\/\/ceiptorrevieja.es\/wp-content\/uploads\/2021\/11\/image-29-768x1024.png 768w, https:\/\/ceiptorrevieja.es\/wp-content\/uploads\/2021\/11\/image-29-225x300.png 225w, https:\/\/ceiptorrevieja.es\/wp-content\/uploads\/2021\/11\/image-29-1152x1536.png 1152w, https:\/\/ceiptorrevieja.es\/wp-content\/uploads\/2021\/11\/image-29.png 1200w\" sizes=\"(max-width: 259px) 100vw, 259px\" \/><\/figure><\/div>\n\n\n\n<div class=\"wp-block-image\"><figure class=\"aligncenter size-large is-resized\"><img loading=\"lazy\" src=\"https:\/\/ceiptorrevieja.es\/wp-content\/uploads\/2021\/11\/image-30-768x1024.png\" alt=\"\" class=\"wp-image-3127\" width=\"269\" height=\"359\" srcset=\"https:\/\/ceiptorrevieja.es\/wp-content\/uploads\/2021\/11\/image-30-768x1024.png 768w, https:\/\/ceiptorrevieja.es\/wp-content\/uploads\/2021\/11\/image-30-225x300.png 225w, https:\/\/ceiptorrevieja.es\/wp-content\/uploads\/2021\/11\/image-30-1152x1536.png 1152w, https:\/\/ceiptorrevieja.es\/wp-content\/uploads\/2021\/11\/image-30.png 1200w\" sizes=\"(max-width: 269px) 100vw, 269px\" \/><\/figure><\/div>\n\n\n\n<div class=\"wp-block-image\"><figure class=\"aligncenter size-large is-resized\"><img loading=\"lazy\" src=\"https:\/\/ceiptorrevieja.es\/wp-content\/uploads\/2021\/11\/image-31-768x1024.png\" alt=\"\" class=\"wp-image-3128\" width=\"283\" height=\"376\" srcset=\"https:\/\/ceiptorrevieja.es\/wp-content\/uploads\/2021\/11\/image-31-768x1024.png 768w, https:\/\/ceiptorrevieja.es\/wp-content\/uploads\/2021\/11\/image-31-225x300.png 225w, https:\/\/ceiptorrevieja.es\/wp-content\/uploads\/2021\/11\/image-31-1152x1536.png 1152w, https:\/\/ceiptorrevieja.es\/wp-content\/uploads\/2021\/11\/image-31.png 1200w\" sizes=\"(max-width: 283px) 100vw, 283px\" \/><\/figure><\/div>\n\n\n\n<h5 class=\"has-text-align-center has-black-color has-pale-cyan-blue-background-color has-text-color has-background\">3\u00ba curso<\/h5>\n\n\n\n<p>s<\/p>\n\n\n\n<div class=\"wp-block-image\"><figure class=\"aligncenter size-large is-resized\"><img loading=\"lazy\" src=\"https:\/\/ceiptorrevieja.es\/wp-content\/uploads\/2021\/12\/image-768x1024.png\" alt=\"\" class=\"wp-image-3195\" width=\"243\" height=\"324\" srcset=\"https:\/\/ceiptorrevieja.es\/wp-content\/uploads\/2021\/12\/image-768x1024.png 768w, https:\/\/ceiptorrevieja.es\/wp-content\/uploads\/2021\/12\/image-225x300.png 225w, https:\/\/ceiptorrevieja.es\/wp-content\/uploads\/2021\/12\/image-1152x1536.png 1152w, https:\/\/ceiptorrevieja.es\/wp-content\/uploads\/2021\/12\/image.png 1200w\" sizes=\"(max-width: 243px) 100vw, 243px\" \/><\/figure><\/div>\n\n\n\n<h5 class=\"has-text-align-center has-black-color has-vivid-cyan-blue-background-color has-text-color has-background\">4\u00ba curso<\/h5>\n\n\n\n<div class=\"wp-block-image\"><figure class=\"aligncenter size-large is-resized\"><img loading=\"lazy\" src=\"https:\/\/ceiptorrevieja.es\/wp-content\/uploads\/2021\/12\/image-1-768x1024.png\" alt=\"\" class=\"wp-image-3196\" width=\"218\" height=\"290\" srcset=\"https:\/\/ceiptorrevieja.es\/wp-content\/uploads\/2021\/12\/image-1-768x1024.png 768w, https:\/\/ceiptorrevieja.es\/wp-content\/uploads\/2021\/12\/image-1-225x300.png 225w, https:\/\/ceiptorrevieja.es\/wp-content\/uploads\/2021\/12\/image-1-1152x1536.png 1152w, https:\/\/ceiptorrevieja.es\/wp-content\/uploads\/2021\/12\/image-1.png 1200w\" sizes=\"(max-width: 218px) 100vw, 218px\" \/><\/figure><\/div>\n\n\n\n<div class=\"wp-block-image\"><figure class=\"aligncenter size-large is-resized\"><img loading=\"lazy\" src=\"https:\/\/ceiptorrevieja.es\/wp-content\/uploads\/2021\/12\/image-2-768x1024.png\" alt=\"\" class=\"wp-image-3197\" width=\"245\" height=\"327\" srcset=\"https:\/\/ceiptorrevieja.es\/wp-content\/uploads\/2021\/12\/image-2-768x1024.png 768w, https:\/\/ceiptorrevieja.es\/wp-content\/uploads\/2021\/12\/image-2-225x300.png 225w, https:\/\/ceiptorrevieja.es\/wp-content\/uploads\/2021\/12\/image-2-1152x1536.png 1152w, https:\/\/ceiptorrevieja.es\/wp-content\/uploads\/2021\/12\/image-2.png 1200w\" sizes=\"(max-width: 245px) 100vw, 245px\" \/><\/figure><\/div>\n\n\n\n<div class=\"wp-block-image\"><figure class=\"aligncenter size-large is-resized\"><img loading=\"lazy\" src=\"https:\/\/ceiptorrevieja.es\/wp-content\/uploads\/2021\/12\/image-3-1024x768.png\" alt=\"\" class=\"wp-image-3198\" width=\"333\" height=\"250\" srcset=\"https:\/\/ceiptorrevieja.es\/wp-content\/uploads\/2021\/12\/image-3-1024x768.png 1024w, https:\/\/ceiptorrevieja.es\/wp-content\/uploads\/2021\/12\/image-3-300x225.png 300w, https:\/\/ceiptorrevieja.es\/wp-content\/uploads\/2021\/12\/image-3-768x576.png 768w, https:\/\/ceiptorrevieja.es\/wp-content\/uploads\/2021\/12\/image-3-1536x1152.png 1536w, https:\/\/ceiptorrevieja.es\/wp-content\/uploads\/2021\/12\/image-3.png 1600w\" sizes=\"(max-width: 333px) 100vw, 333px\" \/><\/figure><\/div>\n\n\n\n<p class=\"has-text-align-center\">+<img loading=\"lazy\" width=\"2560\" height=\"1920\" class=\"wp-image-943\" style=\"width: 400px;\" src=\"https:\/\/ceiptorrevieja.es\/wp-content\/uploads\/2020\/11\/IMG_20201125_103038-scaled.jpg\" alt=\"\" srcset=\"https:\/\/ceiptorrevieja.es\/wp-content\/uploads\/2020\/11\/IMG_20201125_103038-scaled.jpg 2560w, https:\/\/ceiptorrevieja.es\/wp-content\/uploads\/2020\/11\/IMG_20201125_103038-300x225.jpg 300w, https:\/\/ceiptorrevieja.es\/wp-content\/uploads\/2020\/11\/IMG_20201125_103038-1024x768.jpg 1024w, https:\/\/ceiptorrevieja.es\/wp-content\/uploads\/2020\/11\/IMG_20201125_103038-768x576.jpg 768w, https:\/\/ceiptorrevieja.es\/wp-content\/uploads\/2020\/11\/IMG_20201125_103038-1536x1152.jpg 1536w, https:\/\/ceiptorrevieja.es\/wp-content\/uploads\/2020\/11\/IMG_20201125_103038-2048x1536.jpg 2048w\" sizes=\"(max-width: 2560px) 100vw, 2560px\" \/><\/p>\n\n\n\n<h5 class=\"has-text-align-center has-black-color has-vivid-cyan-blue-background-color has-text-color has-background\"> 5\u00ba curso <\/h5>\n\n\n\n<div class=\"wp-block-image\"><figure class=\"aligncenter size-large is-resized\"><img loading=\"lazy\" src=\"https:\/\/ceiptorrevieja.es\/wp-content\/uploads\/2021\/12\/image-4-1024x768.png\" alt=\"\" class=\"wp-image-3199\" width=\"298\" height=\"224\" srcset=\"https:\/\/ceiptorrevieja.es\/wp-content\/uploads\/2021\/12\/image-4-1024x768.png 1024w, https:\/\/ceiptorrevieja.es\/wp-content\/uploads\/2021\/12\/image-4-300x225.png 300w, https:\/\/ceiptorrevieja.es\/wp-content\/uploads\/2021\/12\/image-4-768x576.png 768w, https:\/\/ceiptorrevieja.es\/wp-content\/uploads\/2021\/12\/image-4-1536x1152.png 1536w, https:\/\/ceiptorrevieja.es\/wp-content\/uploads\/2021\/12\/image-4.png 1600w\" sizes=\"(max-width: 298px) 100vw, 298px\" \/><\/figure><\/div>\n\n\n\n<div class=\"wp-block-image\"><figure class=\"aligncenter size-large is-resized\"><img loading=\"lazy\" src=\"https:\/\/ceiptorrevieja.es\/wp-content\/uploads\/2021\/12\/image-5-768x1024.png\" alt=\"\" class=\"wp-image-3200\" width=\"292\" height=\"389\" srcset=\"https:\/\/ceiptorrevieja.es\/wp-content\/uploads\/2021\/12\/image-5-768x1024.png 768w, https:\/\/ceiptorrevieja.es\/wp-content\/uploads\/2021\/12\/image-5-225x300.png 225w, https:\/\/ceiptorrevieja.es\/wp-content\/uploads\/2021\/12\/image-5-1152x1536.png 1152w, https:\/\/ceiptorrevieja.es\/wp-content\/uploads\/2021\/12\/image-5.png 1200w\" sizes=\"(max-width: 292px) 100vw, 292px\" \/><\/figure><\/div>\n\n\n\n<div class=\"wp-block-image\"><figure class=\"aligncenter size-large is-resized\"><img loading=\"lazy\" src=\"https:\/\/ceiptorrevieja.es\/wp-content\/uploads\/2021\/12\/image-6-1024x768.png\" alt=\"\" class=\"wp-image-3201\" width=\"348\" height=\"261\" srcset=\"https:\/\/ceiptorrevieja.es\/wp-content\/uploads\/2021\/12\/image-6-1024x768.png 1024w, https:\/\/ceiptorrevieja.es\/wp-content\/uploads\/2021\/12\/image-6-300x225.png 300w, https:\/\/ceiptorrevieja.es\/wp-content\/uploads\/2021\/12\/image-6-768x576.png 768w, https:\/\/ceiptorrevieja.es\/wp-content\/uploads\/2021\/12\/image-6-1536x1152.png 1536w, https:\/\/ceiptorrevieja.es\/wp-content\/uploads\/2021\/12\/image-6.png 1600w\" sizes=\"(max-width: 348px) 100vw, 348px\" \/><\/figure><\/div>\n\n\n\n<h5 class=\"has-text-align-center has-black-color has-vivid-cyan-blue-background-color has-text-color has-background\">6\u00ba curso<\/h5>\n\n\n\n<div class=\"wp-block-image\"><figure class=\"aligncenter size-large is-resized\"><img loading=\"lazy\" src=\"https:\/\/ceiptorrevieja.es\/wp-content\/uploads\/2021\/12\/image-7-768x1024.png\" alt=\"\" class=\"wp-image-3202\" width=\"433\" height=\"577\" srcset=\"https:\/\/ceiptorrevieja.es\/wp-content\/uploads\/2021\/12\/image-7-768x1024.png 768w, https:\/\/ceiptorrevieja.es\/wp-content\/uploads\/2021\/12\/image-7-225x300.png 225w, https:\/\/ceiptorrevieja.es\/wp-content\/uploads\/2021\/12\/image-7-1152x1536.png 1152w, https:\/\/ceiptorrevieja.es\/wp-content\/uploads\/2021\/12\/image-7.png 1200w\" sizes=\"(max-width: 433px) 100vw, 433px\" \/><\/figure><\/div>\n\n\n\n<div class=\"wp-block-image\"><figure class=\"aligncenter size-large is-resized\"><img loading=\"lazy\" src=\"https:\/\/ceiptorrevieja.es\/wp-content\/uploads\/2021\/12\/image-8-1024x768.png\" alt=\"\" class=\"wp-image-3203\" width=\"429\" height=\"322\" srcset=\"https:\/\/ceiptorrevieja.es\/wp-content\/uploads\/2021\/12\/image-8-1024x768.png 1024w, https:\/\/ceiptorrevieja.es\/wp-content\/uploads\/2021\/12\/image-8-300x225.png 300w, https:\/\/ceiptorrevieja.es\/wp-content\/uploads\/2021\/12\/image-8-768x576.png 768w, https:\/\/ceiptorrevieja.es\/wp-content\/uploads\/2021\/12\/image-8-1536x1152.png 1536w, https:\/\/ceiptorrevieja.es\/wp-content\/uploads\/2021\/12\/image-8.png 1600w\" sizes=\"(max-width: 429px) 100vw, 429px\" \/><\/figure><\/div>\n\n\n\n<p><\/p>\n","protected":false},"excerpt":{"rendered":"<p>Dentro del programa Creciendo en Salud y el Plan de Biblioteca, durante el mes de Noviembre se trabajar\u00e1n Composiciones Escritas<\/p>\n","protected":false},"author":2,"featured_media":933,"parent":0,"menu_order":0,"comment_status":"closed","ping_status":"closed","template":"","meta":[],"_links":{"self":[{"href":"https:\/\/ceiptorrevieja.es\/index.php?rest_route=\/wp\/v2\/pages\/931"}],"collection":[{"href":"https:\/\/ceiptorrevieja.es\/index.php?rest_route=\/wp\/v2\/pages"}],"about":[{"href":"https:\/\/ceiptorrevieja.es\/index.php?rest_route=\/wp\/v2\/types\/page"}],"author":[{"embeddable":true,"href":"https:\/\/ceiptorrevieja.es\/index.php?rest_route=\/wp\/v2\/users\/2"}],"replies":[{"embeddable":true,"href":"https:\/\/ceiptorrevieja.es\/index.php?rest_route=%2Fwp%2Fv2%2Fcomments&post=931"}],"version-history":[{"count":19,"href":"https:\/\/ceiptorrevieja.es\/index.php?rest_route=\/wp\/v2\/pages\/931\/revisions"}],"predecessor-version":[{"id":3204,"href":"https:\/\/ceiptorrevieja.es\/index.php?rest_route=\/wp\/v2\/pages\/931\/revisions\/3204"}],"wp:featuredmedia":[{"embeddable":true,"href":"https:\/\/ceiptorrevieja.es\/index.php?rest_route=\/wp\/v2\/media\/933"}],"wp:attachment":[{"href":"https:\/\/ceiptorrevieja.es\/index.php?rest_route=%2Fwp%2Fv2%2Fmedia&parent=931"}],"curies":[{"name":"wp","href":"https:\/\/api.w.org\/{rel}","templated":true}]}}