{"id":488,"date":"2020-10-14T12:01:04","date_gmt":"2020-10-14T10:01:04","guid":{"rendered":"http:\/\/ceiptorrevieja.es\/?page_id=488"},"modified":"2023-10-05T12:15:09","modified_gmt":"2023-10-05T10:15:09","slug":"reunion-general-de-padres-madres-2ociclo","status":"publish","type":"page","link":"https:\/\/ceiptorrevieja.es\/?page_id=488","title":{"rendered":"REUNI\u00d3N GENERAL DE PADRES\/MADRES 2\u00baCICLO"},"content":{"rendered":"\n<p>         1. <a href=\"https:\/\/drive.google.com\/file\/d\/1RwdJ2A1qSGaxxBplwKiy_MoBE5KK5-jq\/view?ths=true\"><strong>ELECCION DE DELEGADOS\/AS DE PADRES\/MADRES. FUNCIONES<\/strong><\/a><\/p>\n\n\n\n<p>         2. PAGINA WEB ( programa semanal)<\/p>\n\n\n\n<p>         3.EL LIBRO DE TEXTO COMO HERRAMIENTA , CADA FAMILIA TENDR\u00c1 UN CODIGO EN SANTILLANA VIRTUAL.<\/p>\n\n\n\n<p> 4. Para la evaluaci\u00f3n del alumnado se utilizar\u00e1n diferentes instrumentos tales como pruebas escritas, escalas de observaci\u00f3n, tareas diarias o  portfolios con sus r\u00fabricas, entre otros. <\/p>\n\n\n\n<p><strong><strong><a href=\"https:\/\/drive.google.com\/file\/d\/1h7y4fQfDTU36X90ujsbeIzKYsx9_fnBA\/view?usp=sharing\">RUBRICAS DE EVALUACI\u00d3N<\/a><\/strong><\/strong><\/p>\n\n\n\n<p>         5. FALTA DE ASISTENCIA JUSTIFICADA.<\/p>\n\n\n\n<p>         6. BIBLIOTECA. (SECUENCIACION DE LIBROS POR NIVEL).<\/p>\n\n\n\n<p>    7<a href=\"https:\/\/drive.google.com\/file\/d\/1DsKhPTzI00qB0DPxwJd1LCgUtNfQ-9w_\/view?usp=sharing\">. CONVIVENCIA Y NORMAS DE CLASE<\/a> <\/p>\n\n\n\n<p>         7.<a href=\"https:\/\/drive.google.com\/file\/d\/1omRdXYIraVNfloQXXoiH8kNWX2bidXRu\/view?usp=sharing\">&nbsp;PLAN DE CONVIVENCIA.<\/a><\/p>\n","protected":false},"excerpt":{"rendered":"<p>1. ELECCION DE DELEGADOS\/AS DE PADRES\/MADRES. FUNCIONES 2. PAGINA WEB ( programa semanal) 3.EL LIBRO DE TEXTO COMO HERRAMIENTA ,<\/p>\n","protected":false},"author":2,"featured_media":0,"parent":0,"menu_order":0,"comment_status":"closed","ping_status":"closed","template":"","meta":[],"_links":{"self":[{"href":"https:\/\/ceiptorrevieja.es\/index.php?rest_route=\/wp\/v2\/pages\/488"}],"collection":[{"href":"https:\/\/ceiptorrevieja.es\/index.php?rest_route=\/wp\/v2\/pages"}],"about":[{"href":"https:\/\/ceiptorrevieja.es\/index.php?rest_route=\/wp\/v2\/types\/page"}],"author":[{"embeddable":true,"href":"https:\/\/ceiptorrevieja.es\/index.php?rest_route=\/wp\/v2\/users\/2"}],"replies":[{"embeddable":true,"href":"https:\/\/ceiptorrevieja.es\/index.php?rest_route=%2Fwp%2Fv2%2Fcomments&post=488"}],"version-history":[{"count":15,"href":"https:\/\/ceiptorrevieja.es\/index.php?rest_route=\/wp\/v2\/pages\/488\/revisions"}],"predecessor-version":[{"id":6066,"href":"https:\/\/ceiptorrevieja.es\/index.php?rest_route=\/wp\/v2\/pages\/488\/revisions\/6066"}],"wp:attachment":[{"href":"https:\/\/ceiptorrevieja.es\/index.php?rest_route=%2Fwp%2Fv2%2Fmedia&parent=488"}],"curies":[{"name":"wp","href":"https:\/\/api.w.org\/{rel}","templated":true}]}}